mainder when b is divided by u?
8
Calculate the remainder when 12 is divided by (-13 + 3)*((-2)/(-4) + -1).
2
Suppose 4*i - i - 108 = -3*l, -4*i = 8. What is the remainder when 5 + -8 + 1 + 113 is divided by l?
35
Let m(q) = -32*q + 6. Let h(x) = -11*x + 2. Let i(p) = -17*h(p) + 6*m(p). Calculate the remainder when 23 is divided by i(-2).
11
Let n be (8/(-10))/((-2)/50). Let a = 9 + n. Calculate the remainder when a is divided by 16.
13
Let v be (-4)/10 - 1237/(-5). Let a = -86 - -103. What is the remainder when (-2)/5 - v/(-5) is divided by a?
15
Suppose 4 = 5*v + 2*m + 24, -4*m + 4 = -v. Let w be v - (-2 + 0)/2. Calculate the remainder when 59 is divided by (-2)/6 + (-61)/w.
19
Suppose 2*r + x = -10 - 27, 2*x = -2*r - 40. Let u = r - -64. Suppose -10 = -5*o, 2*v - 5*o - 4 - 10 = 0. Calculate the remainder when u is divided by v.
11
Let w(y) = -24*y - 8. Let h be w(-7). Suppose 4*a + 3*l = -l + h, -6 = -2*l. Calculate the remainder when a is divided by 13.
11
Let c be (-5)/((-5)/2) - -24. Suppose 4*k = -5*u + 41, -4*u = -k - c + 10. Suppose 9 = -2*s + 35. What is the remainder when s is divided by u?
3
Let m(t) = t**3 + 29*t**2 - 4*t - 93. Suppose -4 = 2*l - 28. What is the remainder when m(-29) is divided by l?
11
Suppose -2*x = 3*x - p - 40, -x + 2*p + 17 = 0. Let a = -61 - -88. Calculate the remainder when a is divided by x.
6
Suppose 0 = -2*f + 66 + 184. Let v = 58 + 29. Suppose -4*x + a + v = 0, -x - 4*x = 2*a - f. Calculate the remainder when x is divided by 12.
11
Let l(x) = 5*x + 2. What is the remainder when l(7) is divided by 20?
17
Suppose -4*k + 2 = 2*b - 22, -b - 18 = -3*k. Suppose 4*u + 4*v - 52 = 0, 0 = -2*u - 0*u + 3*v + 41. What is the remainder when u is divided by k?
4
Let r be (2/(-1))/(2/14). Let d = r + 24. Calculate the remainder when 18 is divided by d.
8
Suppose -z = -2*k - 1, -5*z + 9 + 8 = -4*k. Let i(s) = 3*s - s - k + 4. What is the remainder when i(3) is divided by 5?
3
Suppose 0 = 2*n - s - 148 - 18, 4*n + 4*s - 308 = 0. Calculate the remainder when n is divided by 14.
11
Let g = 24 + -14. Let c(r) = -r + 1. Let i be 30/4*(-10)/15. What is the remainder when g is divided by c(i)?
4
Let r(z) be the first derivative of z**5/120 + z**4/6 - z**3/3 + 2. Let u(o) be the third derivative of r(o). Calculate the remainder when u(0) is divided by 3.
1
Suppose -10*k = -7*k - 3. Suppose -4 = -g + k. What is the remainder when g is divided by 2?
1
Let q = -21 - -81. Let n = -43 + q. Calculate the remainder when n is divided by 9.
8
Let o(x) = x**2 + 3*x - 3. Let j(v) = -v**2 - 2*v + 1. Let a be j(-2). Let c = a + -6. Calculate the remainder when 27 is divided by o(c).
6
Suppose 0 = -x - 2 + 4. Suppose -x*t = 3*p - 11, -3*t - 1 = 4*p - 16. What is the remainder when 9 is divided by p?
0
Let h = 34 - 23. Suppose -2*a + 3*a - 1 = 0. Let x = a + h. Calculate the remainder when 22 is divided by x.
10
Suppose -4*h + 118 - 34 = 4*t, 0 = -t - 4. What is the remainder when h is divided by 171/12 + (-3)/12?
11
Let s(r) = r**3 - 6*r**2 - 7*r + 2. Let w be s(7). Suppose -w*j + 16 = -58. Calculate the remainder when j is divided by 19.
18
Let o(u) = 23*u**2 - u. What is the remainder when o(1) is divided by 13?
9
Suppose -d + 50 = 3*d - 2*p, -3*d + 40 = -4*p. What is the remainder when d is divided by 8?
4
Suppose -t + 4*t - 63 = 5*a, -63 = -3*t + 4*a. What is the remainder when t is divided by 11?
10
Let g(h) = 5*h**2 + 3*h. Suppose 4*d = 4*t + 80, -99 = -4*d - d + 4*t. Calculate the remainder when g(-3) is divided by d.
17
Suppose 23*n - 9*n = 84. What is the remainder when 195 is divided by n?
3
Let j = -22 - -14. Let l = 16 + j. Let s(z) = z + 60. What is the remainder when s(-39) is divided by l?
5
Suppose 3*k + 154 = 172. Suppose 6*l - 3*x - 89 = l, 2*l + x = 29. What is the remainder when l is divided by k?
4
What is the remainder when 18/(40/(-12) - -4) is divided by 7?
6
Let a = 19 + -9. What is the remainder when a is divided by 4?
2
Let x(u) = u**3 - 9*u**2 - 7*u + 2. Calculate the remainder when x(10) is divided by 17.
15
Let w be -2 + 1/(-1)*-4. Suppose 2*y + w*y - 8 = 0, 166 = 3*k - y. Suppose 0 = 3*o + o - k. What is the remainder when 40 is divided by o?
12
Suppose b - 41 = -3*t, -4*t + 3*b - 11 = -5*t. Let w(v) = -16*v + 25. Calculate the remainder when w(0) is divided by t.
11
Let d be 4/((-1 + 0)/2). Calculate the remainder when (17/(-4))/((-39)/156) is divided by 18/4*d/(-6).
5
Suppose -7 = 5*j - 2. Calculate the remainder when 20/j*6/(-4) is divided by 8.
6
Suppose 6*k = 3*d + 3*k - 66, -2*d = -4*k - 36. Calculate the remainder when 77 is divided by d.
25
Let w = 12 - 45. Let k = w - -50. Calculate the remainder when k is divided by 6.
5
What is the remainder when 15 is divided by 10 + (4 - 5) + -1?
7
Suppose 0 = 4*x + 1 - 77. Let p = -7 - -10. Suppose -2*m + 48 = 4*j, p*j - 2*j + m - 14 = 0. What is the remainder when x is divided by j?
9
What is the remainder when -3 - 7/(7/(-40)) is divided by 19?
18
Let l = 9 - -9. Calculate the remainder when 34 is divided by l.
16
Let b be -6*4/(-3) + -2. Let w(d) = 3 + 6*d + d**3 - 14*d - 4*d**2 + 0*d**2. Calculate the remainder when w(b) is divided by 14.
13
Let q be (-19)/(-2) + 1/(-2). Suppose -2*i + q = i. Suppose -4*t = -3*d + 7, 2*t - 2 = -d + i*t. What is the remainder when d is divided by 1?
0
Let f = 50 - 29. Calculate the remainder when f is divided by 12.
9
Let y be (-32)/(-5) - 4/10. Let a = 0 + y. What is the remainder when 16 is divided by a?
4
Suppose -76 = -4*u - 16. What is the remainder when u is divided by 8?
7
Suppose -4*d + 7 = -3*d. Suppose 2*w = -w + 9. Calculate the remainder when d is divided by w.
1
What is the remainder when 28 is divided by 23/3 + (-11)/(-33)?
4
Let d = 69 - 40. Let y = d + -11. Suppose 32 = 3*i - 124. Calculate the remainder when i is divided by y.
16
Let a(t) = 44*t**2 - t - 1. Let g(w) = -3*w**3 - 4*w**2 - 5*w - 3. Calculate the remainder when a(-1) is divided by g(-2).
14
Suppose -56 = u - 3*u. Let k(p) = 6*p**2 - 4. Let i be k(3). Let a = i + -35. Calculate the remainder when u is divided by a.
13
Let k(o) = o**2 - 9*o + 14. Let a(u) = -u**2 + 16*u - 17. Let n be a(14). Calculate the remainder when k(n) is divided by 19.
17
Let c(s) = -s + 1. Let q = -14 + 36. Calculate the remainder when q is divided by c(-5).
4
Suppose -3*f - 3*z + 9 = 0, -2*z + 6 = f + 2*z. Suppose -f*a + 3*a + 153 = 3*m, -m + 58 = 2*a. Calculate the remainder when m is divided by 14.
10
Suppose -19 = -2*v - 5*h, 5 = -2*v - 0*v + 3*h. Suppose -u + 7*g = 4*g + 1, 0 = 5*u - 3*g - 19. Calculate the remainder when u is divided by v.
1
Let k = 5 + -1. Suppose -14 - 61 = -5*l. Calculate the remainder when l is divided by k.
3
Let y be 30/7 - (-2)/(-7). Let l = 35 + y. What is the remainder when l is divided by (-12)/(-15)*(24 + 1)?
19
Suppose 3*z = -2*z - 3*i + 106, z - 17 = -2*i. Calculate the remainder when z is divided by 6.
5
Suppose 2*o - 12 = -2*o. Let a = 1 + 9. Suppose -a*y + 13*y = 15. What is the remainder when y is divided by o?
2
Let v(i) = 7*i - 37. What is the remainder when 34 is divided by v(8)?
15
Let o(t) = t**2 - 4*t. What is the remainder when 0*2/6 - -81 is divided by o(7)?
18
What is the remainder when 118 is divided by (-1)/2 - (-248)/16?
13
Let x = 32 + 15. What is the remainder when x is divided by 17?
13
Suppose -5*o - 2*y = -3*y - 155, -31 = -o + 2*y. Calculate the remainder when 58 is divided by o.
27
Suppose 8*t - 12*t + 60 = 0. What is the remainder when 74 is divided by t?
14
Suppose 4*q - 24 = 2*q. What is the remainder when 68 is divided by q?
8
Suppose -5*t = -5*y + 5, -4*y + 2*t + 12 = -0*y. Let k = 52 - y. Calculate the remainder when k is divided by 10.
7
Calculate the remainder when 53 is divided by -2 + 4 + (-50)/(-2).
26
Let k = 62 - 36. Suppose 4*i - 66 - 15 = -5*b, -2*i + 5*b + 3 = 0. Calculate the remainder when k is divided by i.
12
Suppose -t + 312 = 3*t. What is the remainder when t is divided by 20?
18
Let w = -56 - -78. Suppose 0 = -2*x + w + 14. What is the remainder when x is divided by 10?
8
Suppose 4*y = 3*c + 13 + 35, 2*y + c - 34 = 0. What is the remainder when (57/2)/((-2)/(-4)) is divided by y?
12
Let f(a) = 4*a + 18. What is the remainder when 206 is divided by f(6)?
38
Let y = -13 - -18. Suppose 4*p + 